{"id":1602,"date":"2025-08-18T17:20:54","date_gmt":"2025-08-18T17:20:54","guid":{"rendered":"https:\/\/dorukcbm.com\/?page_id=1602"},"modified":"2025-08-18T17:28:38","modified_gmt":"2025-08-18T17:28:38","slug":"yaglama-yonetimi","status":"publish","type":"page","link":"https:\/\/dorukcbm.com\/?page_id=1602","title":{"rendered":"Ya\u011flama Y\u00f6netimi"},"content":{"rendered":"\t\t<div data-elementor-type=\"wp-page\" data-elementor-id=\"1602\" class=\"elementor elementor-1602\" data-elementor-post-type=\"page\">\n\t\t\t\t<div class=\"elementor-element elementor-element-7e604ef4 e-flex e-con-boxed e-con e-parent\" data-id=\"7e604ef4\" data-element_type=\"container\" data-e-type=\"container\" data-settings=\"{&quot;ekit_has_onepagescroll_dot&quot;:&quot;yes&quot;}\">\n\t\t\t\t\t<div class=\"e-con-inner\">\n\t\t\t\t<div class=\"elementor-element elementor-element-d001ca4 elementor-widget elementor-widget-elementskit-heading\" data-id=\"d001ca4\" data-element_type=\"widget\" data-e-type=\"widget\" data-settings=\"{&quot;ekit_we_effect_on&quot;:&quot;none&quot;}\" data-widget_type=\"elementskit-heading.default\">\n\t\t\t\t<div class=\"elementor-widget-container\">\n\t\t\t\t\t<div class=\"ekit-wid-con\" ><div class=\"ekit-heading elementskit-section-title-wraper text_left   ekit_heading_tablet-   ekit_heading_mobile-\"><div class=\"ekit_heading_separetor_wraper ekit_heading_elementskit-border-divider elementskit-style-long\"><div class=\"elementskit-border-divider elementskit-style-long\"><\/div><\/div><h2 class=\"ekit-heading--title elementskit-section-title \"><span>Ya\u011flama<\/span> Y\u00f6netimi<\/h2><h3 class=\"ekit-heading--subtitle elementskit-section-subtitle  \">\n\t\t\t\t\t\tDepolama, ta\u015f\u0131ma, karar verme\n\t\t\t\t\t<\/h3><\/div><\/div>\t\t\t\t<\/div>\n\t\t\t\t<\/div>\n\t\t<div class=\"elementor-element elementor-element-1a39849c e-con-full e-grid e-con e-child\" data-id=\"1a39849c\" data-element_type=\"container\" data-e-type=\"container\" data-settings=\"{&quot;ekit_has_onepagescroll_dot&quot;:&quot;yes&quot;}\">\n\t\t\t\t<div class=\"elementor-element elementor-element-61cfa6e4 ekit-equal-height-disable elementor-widget elementor-widget-elementskit-image-box\" data-id=\"61cfa6e4\" data-element_type=\"widget\" data-e-type=\"widget\" data-settings=\"{&quot;ekit_we_effect_on&quot;:&quot;none&quot;}\" data-widget_type=\"elementskit-image-box.default\">\n\t\t\t\t<div class=\"elementor-widget-container\">\n\t\t\t\t\t<div class=\"ekit-wid-con\" >\n            <div class=\"elementskit-info-image-box ekit-image-box text-left simple-card\" >\n\n                \n                <div class=\"elementskit-box-header image-box-img-left\">\n\n                    <img fetchpriority=\"high\" decoding=\"async\" width=\"600\" height=\"429\" src=\"https:\/\/dorukcbm.com\/wp-content\/uploads\/2025\/08\/lub_man.jpg\" class=\"attachment-full size-full wp-image-1604\" alt=\"\" srcset=\"https:\/\/dorukcbm.com\/wp-content\/uploads\/2025\/08\/lub_man.jpg 600w, https:\/\/dorukcbm.com\/wp-content\/uploads\/2025\/08\/lub_man-300x215.jpg 300w\" sizes=\"(max-width: 600px) 100vw, 600px\" \/>\n                <\/div>\n                \n                <div class=\"elementskit-box-body ekit-image-box-body\">\n                    <div class=\"elementskit-box-content ekit-image-box-body-inner\">\n                                                <h3 class=\"elementskit-info-box-title\">\n\n                        Depolama Sistemleri\n                        \n                    <\/h3>\n                                                            <div class=\"elementskit-box-style-content\">\n                        Ya\u011f depolama sistemleri ile t\u00fcketimlerinizi kontrol alt\u0131na al\u0131rken ya\u011flama uygulamalar\u0131n\u0131z\u0131 da d\u00fczenleyin.                    <\/div>\n                                    <\/div>\n\n                            <\/div>\n            <\/div>\n    <\/div>\t\t\t\t<\/div>\n\t\t\t\t<\/div>\n\t\t\t\t<div class=\"elementor-element elementor-element-7ff865f6 ekit-equal-height-disable elementor-widget elementor-widget-elementskit-image-box\" data-id=\"7ff865f6\" data-element_type=\"widget\" data-e-type=\"widget\" data-settings=\"{&quot;ekit_we_effect_on&quot;:&quot;none&quot;}\" data-widget_type=\"elementskit-image-box.default\">\n\t\t\t\t<div class=\"elementor-widget-container\">\n\t\t\t\t\t<div class=\"ekit-wid-con\" >\n            <div class=\"elementskit-info-image-box ekit-image-box text-left simple-card\" >\n\n                \n                <div class=\"elementskit-box-header image-box-img-left\">\n\n                    <img decoding=\"async\" width=\"1800\" height=\"1080\" src=\"https:\/\/dorukcbm.com\/wp-content\/uploads\/2025\/06\/ican-iband-10colors.webp\" class=\"attachment-full size-full wp-image-547\" alt=\"\" srcset=\"https:\/\/dorukcbm.com\/wp-content\/uploads\/2025\/06\/ican-iband-10colors.webp 1800w, https:\/\/dorukcbm.com\/wp-content\/uploads\/2025\/06\/ican-iband-10colors-300x180.webp 300w, https:\/\/dorukcbm.com\/wp-content\/uploads\/2025\/06\/ican-iband-10colors-1024x614.webp 1024w, https:\/\/dorukcbm.com\/wp-content\/uploads\/2025\/06\/ican-iband-10colors-768x461.webp 768w, https:\/\/dorukcbm.com\/wp-content\/uploads\/2025\/06\/ican-iband-10colors-1536x922.webp 1536w\" sizes=\"(max-width: 1800px) 100vw, 1800px\" \/>\n                <\/div>\n                \n                <div class=\"elementskit-box-body ekit-image-box-body\">\n                    <div class=\"elementskit-box-content ekit-image-box-body-inner\">\n                                                <h3 class=\"elementskit-info-box-title\">\n\n                        Ta\u015f\u0131ma ve S\u0131n\u0131fland\u0131rma Ekipmanlar\u0131\n                        \n                    <\/h3>\n                                                            <div class=\"elementskit-box-style-content\">\n                        Yeniden kullan\u0131labilir ta\u015f\u0131ma ekipmanlar\u0131 ile ya\u011f\u0131n\u0131z kirlilik kaynaklar\u0131na ve kar\u0131\u015f\u0131kl\u0131klara kar\u015f\u0131 g\u00fcvende.                    <\/div>\n                                    <\/div>\n\n                            <\/div>\n            <\/div>\n    <\/div>\t\t\t\t<\/div>\n\t\t\t\t<\/div>\n\t\t\t\t<div class=\"elementor-element elementor-element-63d16fbb ekit-equal-height-disable elementor-widget elementor-widget-elementskit-image-box\" data-id=\"63d16fbb\" data-element_type=\"widget\" data-e-type=\"widget\" data-settings=\"{&quot;ekit_we_effect_on&quot;:&quot;none&quot;}\" data-widget_type=\"elementskit-image-box.default\">\n\t\t\t\t<div class=\"elementor-widget-container\">\n\t\t\t\t\t<div class=\"ekit-wid-con\" >\n            <div class=\"elementskit-info-image-box ekit-image-box text-left simple-card\" >\n\n                \n                <div class=\"elementskit-box-header image-box-img-left\">\n\n                    <img decoding=\"async\" width=\"960\" height=\"720\" src=\"https:\/\/dorukcbm.com\/wp-content\/uploads\/2025\/04\/training.avif\" class=\"attachment-full size-full wp-image-394\" alt=\"\" \/>\n                <\/div>\n                \n                <div class=\"elementskit-box-body ekit-image-box-body\">\n                    <div class=\"elementskit-box-content ekit-image-box-body-inner\">\n                                                <h3 class=\"elementskit-info-box-title\">\n\n                        Ya\u011flama Y\u00f6netimi Dan\u0131\u015fmanl\u0131\u011f\u0131\n                        \n                    <\/h3>\n                                                            <div class=\"elementskit-box-style-content\">\n                        Ya\u011flama uygulamalar\u0131n\u0131z\u0131 yerinde d\u00fczenliyoruz.                    <\/div>\n                                    <\/div>\n\n                            <\/div>\n            <\/div>\n    <\/div>\t\t\t\t<\/div>\n\t\t\t\t<\/div>\n\t\t\t\t<\/div>\n\t\t\t\t\t<\/div>\n\t\t\t\t<\/div>\n\t\t\t\t<\/div>\n\t\t","protected":false},"excerpt":{"rendered":"<p>Ya\u011flama Y\u00f6netimi Depolama, ta\u015f\u0131ma, karar verme Depolama Sistemleri Ya\u011f depolama sistemleri ile t\u00fcketimlerinizi kontrol alt\u0131na al\u0131rken ya\u011flama uygulamalar\u0131n\u0131z\u0131 da d\u00fczenleyin. Ta\u015f\u0131ma ve S\u0131n\u0131fland\u0131rma Ekipmanlar\u0131 Yeniden kullan\u0131labilir ta\u015f\u0131ma ekipmanlar\u0131 ile ya\u011f\u0131n\u0131z kirlilik kaynaklar\u0131na ve kar\u0131\u015f\u0131kl\u0131klara kar\u015f\u0131 g\u00fcvende. Ya\u011flama Y\u00f6netimi Dan\u0131\u015fmanl\u0131\u011f\u0131 Ya\u011flama uygulamalar\u0131n\u0131z\u0131 yerinde d\u00fczenliyoruz.<\/p>\n","protected":false},"author":1,"featured_media":0,"parent":0,"menu_order":0,"comment_status":"closed","ping_status":"closed","template":"","meta":{"footnotes":""},"class_list":["post-1602","page","type-page","status-publish","hentry"],"_links":{"self":[{"href":"https:\/\/dorukcbm.com\/index.php?rest_route=\/wp\/v2\/pages\/1602","targetHints":{"allow":["GET"]}}],"collection":[{"href":"https:\/\/dorukcbm.com\/index.php?rest_route=\/wp\/v2\/pages"}],"about":[{"href":"https:\/\/dorukcbm.com\/index.php?rest_route=\/wp\/v2\/types\/page"}],"author":[{"embeddable":true,"href":"https:\/\/dorukcbm.com\/index.php?rest_route=\/wp\/v2\/users\/1"}],"replies":[{"embeddable":true,"href":"https:\/\/dorukcbm.com\/index.php?rest_route=%2Fwp%2Fv2%2Fcomments&post=1602"}],"version-history":[{"count":0,"href":"https:\/\/dorukcbm.com\/index.php?rest_route=\/wp\/v2\/pages\/1602\/revisions"}],"wp:attachment":[{"href":"https:\/\/dorukcbm.com\/index.php?rest_route=%2Fwp%2Fv2%2Fmedia&parent=1602"}],"curies":[{"name":"wp","href":"https:\/\/api.w.org\/{rel}","templated":true}]}}