{"id":626,"date":"2025-06-07T10:08:54","date_gmt":"2025-06-07T10:08:54","guid":{"rendered":"https:\/\/dorukcbm.com\/?page_id=626"},"modified":"2025-08-02T10:36:41","modified_gmt":"2025-08-02T10:36:41","slug":"yazilim","status":"publish","type":"page","link":"https:\/\/dorukcbm.com\/?page_id=626","title":{"rendered":"Yaz\u0131l\u0131m"},"content":{"rendered":"\t\t<div data-elementor-type=\"wp-page\" data-elementor-id=\"626\" class=\"elementor elementor-626\" data-elementor-post-type=\"page\">\n\t\t\t\t<div class=\"elementor-element elementor-element-3dcf4387 e-flex e-con-boxed e-con e-parent\" data-id=\"3dcf4387\" data-element_type=\"container\" data-e-type=\"container\" data-settings=\"{&quot;ekit_has_onepagescroll_dot&quot;:&quot;yes&quot;}\">\n\t\t\t\t\t<div class=\"e-con-inner\">\n\t\t\t\t<div class=\"elementor-element elementor-element-582c0d09 elementor-widget elementor-widget-elementskit-heading\" data-id=\"582c0d09\" data-element_type=\"widget\" data-e-type=\"widget\" data-settings=\"{&quot;ekit_we_effect_on&quot;:&quot;none&quot;}\" data-widget_type=\"elementskit-heading.default\">\n\t\t\t\t<div class=\"elementor-widget-container\">\n\t\t\t\t\t<div class=\"ekit-wid-con\" ><div class=\"ekit-heading elementskit-section-title-wraper text_left   ekit_heading_tablet-   ekit_heading_mobile-\"><div class=\"ekit_heading_separetor_wraper ekit_heading_elementskit-border-divider elementskit-style-long\"><div class=\"elementskit-border-divider elementskit-style-long\"><\/div><\/div><h2 class=\"ekit-heading--title elementskit-section-title \">Yaz\u0131l\u0131m<\/h2><h3 class=\"ekit-heading--subtitle elementskit-section-subtitle  \">\n\t\t\t\t\t\tAnaliz yaz\u0131l\u0131mlar\u0131, eksen ayar, otomasyon ve \u00f6zel paket yaz\u0131l\u0131mlar\n\t\t\t\t\t<\/h3><\/div><\/div>\t\t\t\t<\/div>\n\t\t\t\t<\/div>\n\t\t<div class=\"elementor-element elementor-element-787d88ff e-con-full e-grid e-con e-child\" data-id=\"787d88ff\" data-element_type=\"container\" data-e-type=\"container\" data-settings=\"{&quot;ekit_has_onepagescroll_dot&quot;:&quot;yes&quot;}\">\n\t\t\t\t<div class=\"elementor-element elementor-element-3a99cfb9 ekit-equal-height-disable elementor-widget elementor-widget-elementskit-image-box\" data-id=\"3a99cfb9\" data-element_type=\"widget\" data-e-type=\"widget\" data-settings=\"{&quot;ekit_we_effect_on&quot;:&quot;none&quot;}\" data-widget_type=\"elementskit-image-box.default\">\n\t\t\t\t<div class=\"elementor-widget-container\">\n\t\t\t\t\t<div class=\"ekit-wid-con\" >\n            <div class=\"elementskit-info-image-box ekit-image-box text-left simple-card\" >\n\n                \n                <div class=\"elementskit-box-header image-box-img-left\">\n\n                    <img fetchpriority=\"high\" decoding=\"async\" width=\"2227\" height=\"1754\" src=\"https:\/\/dorukcbm.com\/wp-content\/uploads\/2025\/06\/condmaster.webp\" class=\"attachment-full size-full wp-image-628\" alt=\"\" srcset=\"https:\/\/dorukcbm.com\/wp-content\/uploads\/2025\/06\/condmaster.webp 2227w, https:\/\/dorukcbm.com\/wp-content\/uploads\/2025\/06\/condmaster-300x236.webp 300w, https:\/\/dorukcbm.com\/wp-content\/uploads\/2025\/06\/condmaster-1024x807.webp 1024w, https:\/\/dorukcbm.com\/wp-content\/uploads\/2025\/06\/condmaster-768x605.webp 768w, https:\/\/dorukcbm.com\/wp-content\/uploads\/2025\/06\/condmaster-1536x1210.webp 1536w, https:\/\/dorukcbm.com\/wp-content\/uploads\/2025\/06\/condmaster-2048x1613.webp 2048w\" sizes=\"(max-width: 2227px) 100vw, 2227px\" \/>\n                <\/div>\n                \n                <div class=\"elementskit-box-body ekit-image-box-body\">\n                    <div class=\"elementskit-box-content ekit-image-box-body-inner\">\n                                                <h3 class=\"elementskit-info-box-title\">\n\n                        Condmaster Ruby\n                        \n                    <\/h3>\n                                                            <div class=\"elementskit-box-style-content\">\n                        Condmaster\u00ae Ruby, geli\u015fmi\u015f yapay zeka uygulamas\u0131yla t\u00fcm SPM \u00e7evrimi\u00e7i sistemlerinin yan\u0131 s\u0131ra durum izleme ama\u00e7l\u0131 ta\u015f\u0131nabilir cihazlarla ileti\u015fim kuran kapsaml\u0131 bir analiz, te\u015fhis ve sorun giderme yaz\u0131l\u0131m\u0131d\u0131r.                    <\/div>\n                                    <\/div>\n\n                            <\/div>\n            <\/div>\n    <\/div>\t\t\t\t<\/div>\n\t\t\t\t<\/div>\n\t\t\t\t<div class=\"elementor-element elementor-element-374e422c ekit-equal-height-disable elementor-widget elementor-widget-elementskit-image-box\" data-id=\"374e422c\" data-element_type=\"widget\" data-e-type=\"widget\" data-settings=\"{&quot;ekit_we_effect_on&quot;:&quot;none&quot;}\" data-widget_type=\"elementskit-image-box.default\">\n\t\t\t\t<div class=\"elementor-widget-container\">\n\t\t\t\t\t<div class=\"ekit-wid-con\" >\n            <div class=\"elementskit-info-image-box ekit-image-box text-left simple-card\" >\n\n                \n                <div class=\"elementskit-box-header image-box-img-left\">\n\n                    <img decoding=\"async\" width=\"1122\" height=\"710\" src=\"https:\/\/dorukcbm.com\/wp-content\/uploads\/2025\/03\/condmasternet_analysis2022.webp\" class=\"attachment-full size-full wp-image-240\" alt=\"\" srcset=\"https:\/\/dorukcbm.com\/wp-content\/uploads\/2025\/03\/condmasternet_analysis2022.webp 1122w, https:\/\/dorukcbm.com\/wp-content\/uploads\/2025\/03\/condmasternet_analysis2022-300x190.webp 300w, https:\/\/dorukcbm.com\/wp-content\/uploads\/2025\/03\/condmasternet_analysis2022-1024x648.webp 1024w, https:\/\/dorukcbm.com\/wp-content\/uploads\/2025\/03\/condmasternet_analysis2022-768x486.webp 768w\" sizes=\"(max-width: 1122px) 100vw, 1122px\" \/>\n                <\/div>\n                \n                <div class=\"elementskit-box-body ekit-image-box-body\">\n                    <div class=\"elementskit-box-content ekit-image-box-body-inner\">\n                                                <h3 class=\"elementskit-info-box-title\">\n\n                        Condmaster.NET\n                        \n                    <\/h3>\n                                                            <div class=\"elementskit-box-style-content\">\n                        Condmaster.NET web uygulamas\u0131 ve iOS &amp; Android i\u00e7in indirilebilir uygulamalar, her t\u00fcrl\u00fc cihazda web taray\u0131c\u0131lar\u0131 arac\u0131l\u0131\u011f\u0131yla Condmaster Ruby verilerine eri\u015fmek i\u00e7in kullan\u0131l\u0131r.                    <\/div>\n                                    <\/div>\n\n                            <\/div>\n            <\/div>\n    <\/div>\t\t\t\t<\/div>\n\t\t\t\t<\/div>\n\t\t\t\t<div class=\"elementor-element elementor-element-2a9dc7fb ekit-equal-height-disable elementor-widget elementor-widget-elementskit-image-box\" data-id=\"2a9dc7fb\" data-element_type=\"widget\" data-e-type=\"widget\" data-settings=\"{&quot;ekit_we_effect_on&quot;:&quot;none&quot;}\" data-widget_type=\"elementskit-image-box.default\">\n\t\t\t\t<div class=\"elementor-widget-container\">\n\t\t\t\t\t<div class=\"ekit-wid-con\" >\n            <div class=\"elementskit-info-image-box ekit-image-box text-left simple-card\" >\n\n                \n                <div class=\"elementskit-box-header image-box-img-left\">\n\n                    <img decoding=\"async\" width=\"1100\" height=\"870\" src=\"https:\/\/dorukcbm.com\/wp-content\/uploads\/2025\/06\/CondmasterCloud.jpg\" class=\"attachment-full size-full wp-image-629\" alt=\"\" srcset=\"https:\/\/dorukcbm.com\/wp-content\/uploads\/2025\/06\/CondmasterCloud.jpg 1100w, https:\/\/dorukcbm.com\/wp-content\/uploads\/2025\/06\/CondmasterCloud-300x237.jpg 300w, https:\/\/dorukcbm.com\/wp-content\/uploads\/2025\/06\/CondmasterCloud-1024x810.jpg 1024w, https:\/\/dorukcbm.com\/wp-content\/uploads\/2025\/06\/CondmasterCloud-768x607.jpg 768w\" sizes=\"(max-width: 1100px) 100vw, 1100px\" \/>\n                <\/div>\n                \n                <div class=\"elementskit-box-body ekit-image-box-body\">\n                    <div class=\"elementskit-box-content ekit-image-box-body-inner\">\n                                                <h3 class=\"elementskit-info-box-title\">\n\n                        Condmaster Cloud\n                        \n                    <\/h3>\n                                                            <div class=\"elementskit-box-style-content\">\n                        Kapsaml\u0131 analiz ve te\u015fhis yaz\u0131l\u0131m\u0131 Condmaster art\u0131k bir SaaS \u00e7\u00f6z\u00fcm\u00fc olarak mevcuttur. Condmaster Cloud, mevcut \u015firket i\u00e7i \u00e7\u00f6z\u00fcm\u00fc tamamlar ve yaz\u0131l\u0131m\u0131n \u015firket i\u00e7i donan\u0131m ve yaz\u0131l\u0131m kurulumlar\u0131 gerektirmeden \u0130nternet \u00fczerinden eri\u015filebilir olmas\u0131n\u0131 sa\u011flar.                    <\/div>\n                                    <\/div>\n\n                            <\/div>\n            <\/div>\n    <\/div>\t\t\t\t<\/div>\n\t\t\t\t<\/div>\n\t\t\t\t<div class=\"elementor-element elementor-element-23240191 ekit-equal-height-disable elementor-widget elementor-widget-elementskit-image-box\" data-id=\"23240191\" data-element_type=\"widget\" data-e-type=\"widget\" data-settings=\"{&quot;ekit_we_effect_on&quot;:&quot;none&quot;}\" data-widget_type=\"elementskit-image-box.default\">\n\t\t\t\t<div class=\"elementor-widget-container\">\n\t\t\t\t\t<div class=\"ekit-wid-con\" >\n            <div class=\"elementskit-info-image-box ekit-image-box text-left simple-card\" >\n\n                \n                <div class=\"elementskit-box-header image-box-img-left\">\n\n                    <img loading=\"lazy\" decoding=\"async\" width=\"1076\" height=\"727\" src=\"https:\/\/dorukcbm.com\/wp-content\/uploads\/2025\/06\/LineLazer.jpg\" class=\"attachment-full size-full wp-image-630\" alt=\"\" srcset=\"https:\/\/dorukcbm.com\/wp-content\/uploads\/2025\/06\/LineLazer.jpg 1076w, https:\/\/dorukcbm.com\/wp-content\/uploads\/2025\/06\/LineLazer-300x203.jpg 300w, https:\/\/dorukcbm.com\/wp-content\/uploads\/2025\/06\/LineLazer-1024x692.jpg 1024w, https:\/\/dorukcbm.com\/wp-content\/uploads\/2025\/06\/LineLazer-768x519.jpg 768w\" sizes=\"(max-width: 1076px) 100vw, 1076px\" \/>\n                <\/div>\n                \n                <div class=\"elementskit-box-body ekit-image-box-body\">\n                    <div class=\"elementskit-box-content ekit-image-box-body-inner\">\n                                                <h3 class=\"elementskit-info-box-title\">\n\n                        LineLazer App\n                        \n                    <\/h3>\n                                                            <div class=\"elementskit-box-style-content\">\n                        LineLazer uygulamas\u0131yla, eksen ayar\u0131 yapmak her zamankinden daha kolay. Uygulama, g\u00f6rsel olarak \u00e7ekici ve anla\u015f\u0131l\u0131r bir 3D grafik aray\u00fcz\u00fc kullanarak kullan\u0131c\u0131y\u0131 t\u00fcm hizalama s\u00fcreci boyunca sezgisel bir \u015fekilde y\u00f6nlendirir.                    <\/div>\n                                    <\/div>\n\n                            <\/div>\n            <\/div>\n    <\/div>\t\t\t\t<\/div>\n\t\t\t\t<\/div>\n\t\t\t\t<div class=\"elementor-element elementor-element-7ca72e76 ekit-equal-height-disable elementor-widget elementor-widget-elementskit-image-box\" data-id=\"7ca72e76\" data-element_type=\"widget\" data-e-type=\"widget\" data-settings=\"{&quot;ekit_we_effect_on&quot;:&quot;none&quot;}\" data-widget_type=\"elementskit-image-box.default\">\n\t\t\t\t<div class=\"elementor-widget-container\">\n\t\t\t\t\t<div class=\"ekit-wid-con\" >\n            <div class=\"elementskit-info-image-box ekit-image-box text-left simple-card\" >\n\n                \n                <div class=\"elementskit-box-header image-box-img-left\">\n\n                    <img loading=\"lazy\" decoding=\"async\" width=\"1000\" height=\"1000\" src=\"https:\/\/dorukcbm.com\/wp-content\/uploads\/2025\/06\/eaton-software-codesys-programming-visualization-1000x1000-1.jpg\" class=\"attachment-full size-full wp-image-631\" alt=\"\" srcset=\"https:\/\/dorukcbm.com\/wp-content\/uploads\/2025\/06\/eaton-software-codesys-programming-visualization-1000x1000-1.jpg 1000w, https:\/\/dorukcbm.com\/wp-content\/uploads\/2025\/06\/eaton-software-codesys-programming-visualization-1000x1000-1-300x300.jpg 300w, https:\/\/dorukcbm.com\/wp-content\/uploads\/2025\/06\/eaton-software-codesys-programming-visualization-1000x1000-1-150x150.jpg 150w, https:\/\/dorukcbm.com\/wp-content\/uploads\/2025\/06\/eaton-software-codesys-programming-visualization-1000x1000-1-768x768.jpg 768w\" sizes=\"(max-width: 1000px) 100vw, 1000px\" \/>\n                <\/div>\n                \n                <div class=\"elementskit-box-body ekit-image-box-body\">\n                    <div class=\"elementskit-box-content ekit-image-box-body-inner\">\n                                                <h3 class=\"elementskit-info-box-title\">\n\n                        CODESYS\n                        \n                    <\/h3>\n                                                            <div class=\"elementskit-box-style-content\">\n                        \u00d6zel tasar\u0131m yaz\u0131l\u0131mlar                    <\/div>\n                                    <\/div>\n\n                            <\/div>\n            <\/div>\n    <\/div>\t\t\t\t<\/div>\n\t\t\t\t<\/div>\n\t\t\t\t<\/div>\n\t\t\t\t\t<\/div>\n\t\t\t\t<\/div>\n\t\t\t\t<\/div>\n\t\t","protected":false},"excerpt":{"rendered":"<p>Yaz\u0131l\u0131m Analiz yaz\u0131l\u0131mlar\u0131, eksen ayar, otomasyon ve \u00f6zel paket yaz\u0131l\u0131mlar Condmaster Ruby Condmaster\u00ae Ruby, geli\u015fmi\u015f yapay zeka uygulamas\u0131yla t\u00fcm SPM \u00e7evrimi\u00e7i sistemlerinin yan\u0131 s\u0131ra durum izleme ama\u00e7l\u0131 ta\u015f\u0131nabilir cihazlarla ileti\u015fim kuran kapsaml\u0131 bir analiz, te\u015fhis ve sorun giderme yaz\u0131l\u0131m\u0131d\u0131r. Condmaster.NET Condmaster.NET web uygulamas\u0131 ve iOS &amp; Android i\u00e7in indirilebilir uygulamalar, her t\u00fcrl\u00fc cihazda web taray\u0131c\u0131lar\u0131 [&hellip;]<\/p>\n","protected":false},"author":1,"featured_media":0,"parent":0,"menu_order":0,"comment_status":"closed","ping_status":"closed","template":"","meta":{"footnotes":""},"class_list":["post-626","page","type-page","status-publish","hentry"],"_links":{"self":[{"href":"https:\/\/dorukcbm.com\/index.php?rest_route=\/wp\/v2\/pages\/626","targetHints":{"allow":["GET"]}}],"collection":[{"href":"https:\/\/dorukcbm.com\/index.php?rest_route=\/wp\/v2\/pages"}],"about":[{"href":"https:\/\/dorukcbm.com\/index.php?rest_route=\/wp\/v2\/types\/page"}],"author":[{"embeddable":true,"href":"https:\/\/dorukcbm.com\/index.php?rest_route=\/wp\/v2\/users\/1"}],"replies":[{"embeddable":true,"href":"https:\/\/dorukcbm.com\/index.php?rest_route=%2Fwp%2Fv2%2Fcomments&post=626"}],"version-history":[{"count":0,"href":"https:\/\/dorukcbm.com\/index.php?rest_route=\/wp\/v2\/pages\/626\/revisions"}],"wp:attachment":[{"href":"https:\/\/dorukcbm.com\/index.php?rest_route=%2Fwp%2Fv2%2Fmedia&parent=626"}],"curies":[{"name":"wp","href":"https:\/\/api.w.org\/{rel}","templated":true}]}}